actor of 29683527?
False
Is 1551 a factor of 205096485?
True
Does 74 divide 1529950?
True
Does 591 divide 56902071?
True
Does 21 divide 33149214?
True
Is 610879654 a multiple of 14?
True
Does 4 divide 171366872?
True
Is 96 a factor of 255452064?
True
Is 273 a factor of 1225367586?
False
Is 15 a factor of 67618229?
False
Is 70141340 a multiple of 787?
False
Does 200 divide 210977290?
False
Does 386 divide 115626300?
True
Is 2735405486 a multiple of 407?
True
Is 9930290 a multiple of 4?
False
Is 2989 a factor of 2328430349?
False
Is 738457620 a multiple of 325?
False
Does 210 divide 381295320?
True
Is 134868327 a multiple of 17?
True
Does 3 divide 5970495?
True
Does 68 divide 96620656?
True
Is 11 a factor of 212437513?
False
Does 118 divide 9023814?
True
Is 245144586 a multiple of 359?
True
Is 74 a factor of 46751424?
True
Does 5 divide 2199318747?
False
Does 12 divide 481052?
False
Is 10 a factor of 146586840?
True
Is 116556629 a multiple of 177?
False
Is 561140730 a multiple of 2439?
True
Is 11 a factor of 47042837?
False
Is 45996247 a multiple of 24?
False
Is 53 a factor of 8806427?
True
Does 2889 divide 302042628?
False
Does 41 divide 610266632?
True
Is 953905590 a multiple of 495?
True
Is 10 a factor of 2161145832?
False
Does 543 divide 17573652?
True
Is 1640 a factor of 865370979?
False
Does 1635 divide 399025020?
True
Does 233 divide 182171213?
False
Is 44 a factor of 1493002720?
True
Is 1395895621 a multiple of 707?
False
Is 17 a factor of 2636241?
True
Is 552 a factor of 41737491?
False
Is 1314 a factor of 428726459?
False
Does 2334 divide 1563535992?
False
Is 5334 a factor of 507450090?
True
Is 5357849392 a multiple of 14?
True
Is 967 a factor of 181349246?
True
Does 182 divide 485082796?
False
Is 1400 a factor of 1362021128?
False
Does 38 divide 125760922?
False
Is 334865173 a multiple of 59?
False
Is 331 a factor of 10515123?
False
Does 68 divide 4333179?
False
Does 15 divide 8507985?
True
Is 1508636789 a multiple of 737?
True
Is 10060230 a multiple of 250?
False
Is 1715710140 a multiple of 10?
True
Does 59 divide 136818935?
True
Does 2 divide 212346662?
True
Is 16 a factor of 33067312?
True
Is 11 a factor of 48070011?
True
Is 88 a factor of 3351356?
False
Does 65 divide 162762926?
False
Is 219138800 a multiple of 1990?
True
Does 80 divide 68748512?
False
Is 307 a factor of 26546606?
False
Is 2378 a factor of 220980406?
True
Does 2 divide 8015285?
False
Is 330 a factor of 2949210?
True
Does 760 divide 572810480?
True
Is 2939 a factor of 537278590?
True
Is 41 a factor of 84151803?
True
Is 143 a factor of 579618224?
False
Does 108 divide 3560897592?
True
Does 432 divide 14747184?
True
Is 17 a factor of 176848460?
False
Is 711 a factor of 2341109864?
False
Does 288 divide 8392749?
False
Does 36 divide 10535814?
False
Does 2 divide 4437168?
True
Is 1392 a factor of 16557811?
False
Is 153439000 a multiple of 1430?
True
Is 227905280 a multiple of 2289?
False
Does 170 divide 65386544?
False
Is 53 a factor of 82472401?
False
Is 659124360 a multiple of 10?
True
Is 956 a factor of 13637160?
False
Is 1882766565 a multiple of 1305?
True
Is 68 a factor of 517376368?
True
Is 812768296 a multiple of 63?
False
Is 310761723 a multiple of 11?
False
Is 901 a factor of 371160643?
True
Does 27 divide 60502603?
False
Is 97948796 a multiple of 2471?
False
Is 125236952 a multiple of 62?
False
Is 2 a factor of 6907948?
True
Is 621709830 a multiple of 1539?
True
Is 186738103 a multiple of 173?
True
Does 20 divide 431929599?
False
Is 3 a factor of 36353374?
False
Is 229 a factor of 36427741?
False
Is 1325 a factor of 271524300?
True
Is 285 a factor of 501783448?
False
Is 937624725 a multiple of 739?
True
Is 11 a factor of 34690594?
False
Is 585 a factor of 1106419683?
False
Does 1511 divide 504616582?
True
Is 16 a factor of 61774819?
False
Is 108098544 a multiple of 174?
True
Is 943 a factor of 126805210?
True
Is 46 a factor of 368708170?
True
Is 5213461 a multiple of 49?
False
Is 7 a factor of 22634327?
False
Is 53408346 a multiple of 149?
False
Is 40 a factor of 181629000?
True
Does 4 divide 7275617?
False
Does 508 divide 155971200?
False
Is 117850688 a multiple of 2192?
True
Is 11 a factor of 279624928?
True
Is 11 a factor of 320230645?
False
Is 517158993 a multiple of 39?
True
Is 7 a factor of 233919186?
False
Is 182580643 a multiple of 111?
False
Does 821 divide 9796172?
True
Does 28 divide 7313352910?
False
Does 367 divide 81449411?
True
Does 15949 divide 4418176627?
False
Is 23 a factor of 289988968?
True
Does 9 divide 18570042?
True
Is 3775 a factor of 158451850?
True
Is 650315505 a multiple of 21?
True
Does 1795 divide 568126475?
True
Is 545699828 a multiple of 2634?
False
Is 3055 a factor of 123888804?
False
Is 2003 a factor of 8335099?
False
Does 7 divide 1248016?
True
Is 10 a factor of 76683281?
False
Is 82995868 a multiple of 1286?
True
Is 4176030165 a multiple of 15?
True
Is 263 a factor of 111661720?
False
Is 74 a factor of 23672504?
False
Is 2970419176 a multiple of 18?
False
Is 94 a factor of 50430988?
False
Does 5 divide 44687891?
False
Is 969398922 a multiple of 10?
False
Does 34 divide 6273433?
False
Does 184 divide 38092473?
False
Is 169512616 a multiple of 55?
False
Does 62 divide 249620060?
True
Does 154 divide 444163684?
False
Does 59 divide 23463769?
True
Is 14352702 a multiple of 78?
True
Is 24200960 a multiple of 256?
True
Does 3339 divide 1038555882?
True
Is 4129 a factor of 2829909047?
False
Does 11 divide 914001?
True
Does 233 divide 56604174?
False
Does 3 divide 48485853?
True
Is 31 a factor of 38812710?
False
Does 102 divide 533565366?
True
Is 2149928496 a multiple of 6088?
True
Is 30 a factor of 694007181?
False
Is 147 a factor of 56683347?
True
Is 218382857 a multiple of 49?
True
Is 12395426 a multiple of 626?
True
Does 52 divide 80724696?
True
Is 5634 a factor of 2256829432?
False
Is 35076510 a multiple of 831?
True
Is 8 a factor of 2120816632?
True
Does 38 divide 5116135?
False
Is 895 a factor of 504806850?
True
Is 15 a factor of 5964405?
True
Is 45 a factor of 9952830?
True
Does 81 divide 595404037?
False
Does 16 divide 426719475?
False
Is 21820629 a multiple of 14?
False
Is 7 a factor of 30778854?
False
Does 9 divide 967658276?
False
Does 3022 divide 217023364?
False
Does 327 divide 54064515?
False
Does 13 divide 5269821570?
True
Is 153 a factor of 191930544?
True
Is 484 a factor of 8979539?
False
Does 293 divide 229028888?
False
Is 1456 a factor of 246775984?
True
Is 2388 a factor of 138574157?
False
Is 26 a factor of 30081775?
False
Does 467 divide 204283765?
False
Is 1430247326 a multiple of 306?
False
Does 828 divide 205773619?
False
Is 12792844 a multiple of 541?
False
Is 17805634 a multiple of 242?
True
Is 13 a factor of 433766216?
True
Is 151962848 a multiple of 468?
False
Is 678 a factor of 58566996?
True
Does 17 divide 31951330?
True
Is 315367827 a multiple of 617?
True
Is 38067090 a multiple of 3207?
True
Is 3136882 a multiple of 14?
True
Is 12746495 a multiple of 157?
False
Is 48447165 a multiple of 65?
True
Does 573 divide 30720231?
False
Is 1006676640 a multiple of 36?
True
Is 9 a factor of 6444963?
True
Is 8155560 a multiple of 152?
True
Is 1183682215 a multiple of 1933?
True
Does 152 divide 74742816?
False
Is 22 a factor of 368525181?
False
Is 273335832 a multiple of 616?
True
Is 1404857928 a multiple of 3458?
False
Is 3 a factor of 10074321?
True
Is 91 a factor of 31689912?
False
Is 630113560 a multiple of 596?
False
Does 169 divide 41869243?
True
Does 2 divide 308204?
True
Is 124 a factor of 386582152?
True
Is 398940000 a multiple of 250?
True
Is 181 a factor of 69585812?
True
Is 21 a factor of 944124704?
False
Is 22 a factor of 16768906?
True
Is 30442668 a multiple of 139?
True
Is 91648916 a multiple of 9?
False
Does 78 divide 39366990?
True
Is 23 a factor of 324790710?
False
Does 286 divide 341918434?
True
Is 48 a factor of 641470274?
False
Is 13 a factor of 4798820?
True
Does 15 divide 19010323?
False
Is 91284339 a multiple of 17?
True
Does 22 divide 4316018?
False
Does 3648 divide 2488388352?
True
Does 187 divide 37472743?
True
Is 10 a factor of 14915380?
True
Is 1946 a factor of 791530855?
False
Is 31 a factor of 15790625?
True
Is 111707997 a multiple of 532?
False
Does 820 divide 18972276?
False